hat is the value of (8 + -12 + -7 - -3 - 1) + 9?
0
Calculate -1 + 8 + (10 - 27) + (-4 - -36).
22
-2 + -9 + -4 + -37 + 83
31
What is the value of 6 - 2 - (0 + 1 - (-140 + 166))?
29
Calculate (19 - 1) + -6 + (-8 - -12) + -6.
10
Evaluate -16 + (-4 - 13 - -20).
-13
What is the value of -18 + (27 - 1) + (0 - (0 - 7))?
15
What is 36 + -12 + 8 + 8 + (-24 - -20)?
36
What is 10 - 0 - 24 - -10?
-4
What is (-2 - 1 - 1) + (-61 - -73)?
8
Evaluate -2 + 2 + -7 + 5 + (6 - 8).
-4
What is the value of -7 + -11 + 6 + -10 + 16 - -38?
32
What is 20 + (2 - 6 - 9) - 38?
-31
What is the value of (5 - -9) + 9 + -11?
12
Evaluate -22 + (-10 - (-8 - 8 - 7)).
-9
What is -3 - (-10 + (0 - 7 - -3))?
11
-17 - (-2 + -6 - (195 - 210))
-24
Calculate -1 + 3 + -34 + -6 + 8 + 6.
-24
Evaluate (5 - 20) + 22 - 18.
-11
Calculate (-14 - (-2 - -1)) + (-50 - (-34 + -13)).
-16
What is the value of -6 + -10 - -6 - (-24 - -28)?
-14
What is the value of -10 - 14 - -6 - (2 - 11) - 15?
-24
What is the value of 45 - (40 + (16 - 17))?
6
16 - (1 + 8 - (4 + -5 + 5))
11
Calculate (-2 - -1) + -3 + -2.
-6
What is -28 + -25 + 31 - (-1 - 0 - 6)?
-15
Evaluate -8 + -5 + 5 + -3 + 3.
-8
What is the value of -11 - (7 + -2 - (-1 - -1) - 7)?
-9
What is the value of -29 + 63 + -27 + -33?
-26
Evaluate 13 + (-60 - -16) + -2 + 2 - -8.
-23
What is the value of (-1 - (0 + 0)) + (-21 + 10 - -6)?
-6
What is 13 + (3 - (11 - 1)) - 19?
-13
What is the value of -984 - -989 - (0 - 1 - -14)?
-8
What is the value of (0 - (-4 + 7 + (0 - 3))) + 15?
15
What is 7 - (-6 + 22 + -1)?
-8
(14 + 14 - 15) + -3 + 14
24
Evaluate (-9 - 13 - -16) + 13.
7
-8 - (17 + (-2 + -3 - (-2 + 0)))
-22
Evaluate 5 + -13 + -5 + (-1 - -7).
-7
Evaluate 4 + (11 - 11) + 4 - (1 + 0).
7
Evaluate 1 + -22 + 126 + -98.
7
Calculate -31 - (3 + -13 + -4 + -2).
-15
What is the value of 75 - (-33 + 80) - (1 - (0 + -7))?
20
What is 21 + (-37 + 20 - -2)?
6
What is the value of 9 + -2 - (55 - 60)?
12
Calculate 0 + (-2 - (-4 + -1 - (-7 - 1))).
-5
1 + 6 + (-1 - 27) + (-63 - -79)
-5
What is the value of 2 + ((1 - -3 - 9) + 5 - -3)?
5
What is the value of 5 - (-6 - -5) - (9 + (4 - -2))?
-9
Calculate 5 - (-8 - (-4 + 8 + -13)).
4
What is (5 + -7 - -9) + -9 + (-3 - -3)?
-2
Evaluate -6 - (45 + -29 + (2 - 11)).
-13
What is the value of -1 + 7 + -9 + 17?
14
What is (6 - ((-6 - -7 - 1) + -2)) + -5?
3
What is the value of 17 + (-4 - (38 - 17))?
-8
What is the value of 10 - (-4 + 2) - (60 + -55)?
7
(11 - (0 - 2)) + (-6 - -14 - 7)
14
Evaluate -337 - -336 - (12 + -1).
-12
-1 + 6 - (-18 + (-28 + 11 - -43))
-3
What is the value of 4 + 0 + -11 - -2?
-5
1 + -7 - (8 - (14 + -4))
-4
(-99 - -93) + (25 - (1 + -3))
21
Calculate -15 + -4 - (-10 + 12 + (-18 - -11)).
-14
What is the value of 26 - (9 + 14 + (-3 - 11))?
17
(16 - (26 - -2)) + 32
20
Evaluate (2 - 8 - -5) + (-4 - 0).
-5
(44 - 44) + (-1 + 3 - 6) - -6
2
Calculate -30 + 27 + -3 + 2.
-4
Calculate 31 + (-11 - 2) + (-5 + 2 - 5).
10
Evaluate (3 - 1 - (-2 + 5)) + (74 - 81).
-8
-1 + -7 + (-7 - 1) + 16
0
Evaluate (1 + -18 + 7 - -29) + -52.
-33
What is the value of -23 + 1 + (-485 - -528)?
21
What is (1 - 2 - -22) + 19 + (-73 - -62)?
29
(-127 - -145) + (0 + -3 + 2 - 1)
16
Calculate 2 + 1 + -20 + (-4 - -18).
-3
Evaluate 61 + (-65 - -39) + -16.
19
(34 - 66) + 67 + -36
-1
What is 0 - (4 - (20 + -52))?
-36
What is the value of 17 + -40 + 5 - (-1 - 3)?
-14
What is 8 + (14 - 29) + -2?
-9
What is the value of -21 - -15 - (-2 - -11)?
-15
Evaluate 5 + (-14 + 5 - -15) - 9.
2
What is the value of 2 - (0 - 4 - -12 - 7)?
1
Calculate -26 + 16 + (-6 - -2).
-14
9 + -5 + -3 + -3 - 1
-3
Calculate 13 + -28 - -57 - 27.
15
Evaluate -28 - -4 - (11 + -47 - -22).
-10
Calculate (-2 - -13) + (-1 - (-10 - 3) - 15).
8
What is (-1 - -1) + -1 + 28 + -5 + -17?
5
What is ((4 - 0) + -15 - -5) + 23?
17
What is 2 + 1 + 10 + 12 + -15 + 3?
13
What is the value of 12 + (31 - (-33 + 71))?
5
Calculate 1 + 12 + -10 + 17 + 0.
20
What is the value of 3 - (12 + -12 + (-5 - -2 - -7))?
-1
What is the value of (15 - 44) + 4 + 31?
6
What is (-9 + 7 - (3 - 7)) + -6?
-4
Calculate 35 - (145 + -25) - -47.
-38
-4 + -10 + -2 + (5 - 14 - -11)
-14
Calculate 18 + (13 + 4 - 35).
0
1 + 1 + -1 + 5 + -11 - -1
-4
What is the value of 27 + 1 + 2 - 4?
26
What is the value of -4 - (11 - (10 + -7 + (11 - 10)))?
-11
Calculate (-8 + 5 + 6 - 8) + 0 + 1.
-4
10 + -53 + 31 + (3 - 17) + 3
-23
Calculate 2 + (4 + 7 - 6) + -9.
-2
(5 - 7 - 7) + 13 + (0 - -3)
7
What is the value of (-11 + 4 - -22) + -6 + -9?
0
Evaluate 26 - 17 - ((10 - (6 + -2)) + 3).
0
(-28 + 59 - 24) + (0 - (-4 - 2))
13
What is -2 - (13 - (29 + -12) - -11)?
-9
1 - 18 - (8 - 5 - (2 - 5))
-23
What is 10 + (8 - -7 - 17)?
8
What is -16 - 1 - ((18 + 2 - 14) + -8)?
-15
What is the value of -1 + -9 + (7 + -6 + -1 - 4)?
-14
Calculate 0 + -5 + (22 + 20 + -57 - -6).
-14
Evaluate (-19 - 25) + (44 - 9).
-9
48 - (-2 - -6 - (-220 + 209))
33
What is the value of 6 - ((-28 - -22) + 28)?
-16
What is 7 + 5 + -6 - 5 - 0?
1
What is the value of -7 + 8 - (-12 + 4 + 10) - -15?
14
Evaluate 7 + (-37 - -31) + (1 - 10) - 9.
-17
Evaluate -10 + (10 + -12 + -2 - -3).
-11
7 - (-1 + 3 + 4 - 8) - 3
6
What is the value of (8 + -10 - 3) + -1 + 16?
10
Evaluate (-10 - -2) + 14 - (0 + -1).
7
Calculate (-1 - (-5 + -7)) + (-11 - -12).
12
Calculate -1 - -8 - (-11 + 8 + 22).
-12
What is the value of 10 - 0 - 2 - (-18 - (-16 - -1))?
11
Calculate 7 + 0 + -1 + (382 - 388).
0
What is the value of (2 - 20) + 39 - (3 + 2 + -1)?
17
Evaluate 1 + (-6 - -3) + -26 + 34.
6
Evaluate 16 + -3 + (-1 - -11 - 13) + -2.
8
What is the value of -9 + 12 + (-10 - -3) - -4?
0
What is 1 - -1 - 11 - (-240 - -245)?
-14
What is -38 - 32 - -38 - -9?
-23
Evaluate (19 - 17) + -11 + 2 - (-3 - -4).
-8
-271 - -243 - (-32 - -1)
3
What is (11 - 5) + (11 + -7 - (9 + 1))?
0
Calculate 48 - (-12 + -33 + 78).
15
0 - (1 + (-2 - 9))
10
Calculate (-30 - -14) + 15 - -21.
20
What is the value of (1 - 15) + 2 + 10 + -2?
-4
What is -2 + 57 - (-136 + 166)?
25
Evaluate (-1 - -4) + 2 + 17 + (1 - 48).
-25
What is the value of (-4 - -5 - (-8 + 0)) + -40 + 40?
9
What is the value of 9 - 13 - 3 - (-12 - 1)?
6
Evaluate -8 - 2 - (-947 + 970).
-33
What is the value of (-13 - (-30 - 35)) + -36?
16
What is the value of -3 + -37 + 38 - -4?
2
Evaluate (-6 - -3) + -2 - ((-3 - -10) + 0).
-12
-8 + (-23 - -16) + -11 + 12
-14
Calculate 5 - (-4 + -2 + 15 + -7 + 0).
3
Evaluate -11 + 15 + (-3 - (3 + -2)).
0
What is (-10 - 0 - 13) + (13 + -7 - -2)?
-15
What is 16 + -10 + (5 - 6 - 0)?
5
-1 - -6 - (28 - 20)
-3
Evaluate -4 + (3 - (-6 + (13 - 0))) + -5.
-13
What is the value of 11 - (17 + 1) - -4?
-3
What is -66 + 31 - -50 - (-1 - -1)?
15
Calculate -5 + 1 + -31 + 38 - -18 - 9.
12
3 - ((-38 - -31) + 6 + 1 - -7)
-4
23 + (20 - 58) + 23
8
Evaluate 60 - 44 - (2 - -10) - 6.
-2
4 + -11 + 51 + 0 + -25
19
65 + -73 + 33 + 11
36
What is -1 + 9 + 9 + 9 - 10?
16
Calculate 1 - (7 + (14 - 20)) - 1.
-1
What is the value of -14 + (0 - -9) + (25 - 3)?
17
Calculate 28 + -20 - (-2 - (3 + 0 - 9)).
4
Evaluate -98 + 83 + 0 + 19 - -12.
16
(450 - 459 - (-14 - 0)) + 2
7
-30 - ((-64 - -27) + 22)
-15
Evaluate 5 - (-7 - -7) - (-4 + 4 + -10).
15
What is 22 - (-6 + (-2 - (10 - (14 + 3))))?
23
What is 1 - (2 + (-2 + 8 - 1) + -6)?
0
What is the value of 11 + -3 + (-24 - (-25 + -7))?
16
Evaluate (-13 - -5) + -7 + -6.
-21
(25 - (29 + -8)) + -10
-6
What is 35 + -41 - (3 - -5)?
-14
Calculate (4 - 18) + (14 - (35 + 5)).
-40
(2 + -2 - 0) + -3 + -3 + 9
3
Calculate -42 - -16 - (18 + -29).
-15
What is -3 + 2 + (7 - 8) + -4 - -3?
-3
4 + 1 + (-13 - -17) + (5 - 3)
11
-27 + 44 - (4 - (2 - 4))
11
What is the value of -12 - 13 - (-3 + 0)?
-22
Calculate -1 - (51 + -59) - (-28 - 2).
37
What is (64 - (58 - -11)) + (0 - -6) + -2?
-1
Evaluate 25 + (-9 - (13 - 26)).
29
What is -4 - 5 - (-4 + (-6 - -2))?
-1
Calculate -66 - -48 - -18 - (-13 + -2 + 3).
12
What is the value of (16 - 7 - 10) + 5 + -26?
-22
What is the value of -1 + (60 - 48) - (0 - (1 - -3))?
15
-64 + (-31 + 22 - -47)
-26
-11 + 18 + -4 + -38
-35
What is the value of -22 + -15 + -7 + 6?
-38
What is the value of (-15 - -22 - 5) + -2?
0
Evaluate 5 + (-5 + 1 - 1) + 1 + -1.
0
What is -4 + 17 + 34 + -32?
15
Evaluate 300 + -296 + -1 + -1.
2
Evaluate -19 + 5 + -10 - -8.
-16
Calculate -8 - ((-1 - 20) + (41 + -64 - -31)).
5
0 + -6 + (-3 - -10)
1
What is -2 - (20 